 47. Let r(k) = 2*k - 38. What is r(h)?
4
Suppose 6 = -2*f + 8. Let k(a) = a**3 - 3*a**2 - 3*a + 2. Let g be k(4). Suppose -f = -b + g. Let o(l) = -l + 8. Give o(b).
1
Let h(y) = 18*y**3 - y**2 + 2*y - 1. Let o = -129 - -128. Let s = o - -2. Determine h(s).
18
Let u(c) = -c**2 - 8*c - 2. Suppose -8*v = -2*v + 48. What is u(v)?
-2
Let a = 12 - 17. Let u(o) = 3*o**3 + 6*o - 3. Let m(f) = -3*f - 4*f**3 + f**2 - 1 + 5*f**3 + 3*f. Let w(t) = -4*m(t) + u(t). Determine w(a).
-4
Suppose 15*t - 1 = 29. Suppose -t*k + 3*x - 4 = 0, -3*k = 2*x - 3*x + 6. Let m(l) = 5*l + 2. Determine m(k).
-8
Let z(f) = -14*f - 8. Let j(c) = 29*c + 20. Let k(x) = 2*j(x) + 5*z(x). What is k(-1)?
12
Let q(f) = -5*f**3 + 6*f**2 + 7*f + 38. Let m(j) = -6*j**3 + 7*j**2 + 8*j + 40. Let x(t) = 6*m(t) - 7*q(t). What is x(0)?
-26
Let c(l) = l**2 + 9 - 13 - 13*l + l**2 - l**2. Determine c(12).
-16
Let s = -1972 - -1978. Let h(k) = -k**2 + 15*k - 55. What is h(s)?
-1
Let f be -3*((-8)/6 + 1). Let y(w) be the second derivative of -4*w + 0 - 1/2*w**2 - 7/6*w**3. Calculate y(f).
-8
Let o(h) be the third derivative of -h**6/120 - h**5/20 + h**4/8 + h**3/2 + 46*h**2. What is o(-4)?
7
Let z(y) be the second derivative of -7*y**5/20 - y**4/12 - y**3/6 + y**2/2 - y. Let d be -77 - (2 + (-6)/2). Let q = d - -77. Calculate z(q).
-8
Let x(g) be the first derivative of -3*g**4/4 + 2*g**3/3 + 2*g - 3. Suppose 2*m = 4*m + f, 0 = 2*f + 8. Calculate x(m).
-14
Suppose -3*j + 32 = -5*j. Let p be ((-40)/j)/((-2)/(-28)). Let g(r) = -2*r - p*r**3 - 1 + 34*r**3 - 2*r - 2*r - 6*r**2. Determine g(-5).
4
Let a(k) = -2 + 4 - k**2 - 4*k - 1 + 5*k**2 - 3*k**2. Calculate a(3).
-2
Let i(j) be the third derivative of -j**5/60 + j**4/24 + 2*j**3/3 - 2*j**2. Suppose -5*g + 89 = s + 111, s + 17 = -4*g. Determine i(s).
-2
Let r(w) = -w**3 - 2*w**2 - 5*w - 2. Let l be -7 + (-50)/45*(-9)/2. Calculate r(l).
8
Let d = 2 + -5. Let v(q) = -3*q**2 + q + 1. Let r(z) = -5*z**2 - z - 3. Let t(a) = r(a) - v(a). Give t(d).
-16
Let v(u) be the second derivative of 0 + 1/3*u**3 + 1/2*u**2 + 1/6*u**4 - 9*u + 1/2*u**5. Suppose -m - f = -3, 3 + 2 = 3*m + 2*f. Give v(m).
-9
Let x be 3 + 9/(-6)*2. Let h(b) be the third derivative of 1/60*b**5 + 0*b + 1/24*b**4 + 7*b**2 + 1/120*b**6 + 13/6*b**3 + 0. Give h(x).
13
Let i(u) = -u**2 - 5*u - 1. Let x(d) = -d**2 - 2*d + 2. Let p be x(-3). Let c be 4 + p + -2 + 1. Suppose -c*q = 3*q + 25. What is i(q)?
-1
Let l(x) = x**3 + 7*x**2 + 2*x + 2. Let m = 73 - 76. Let q be (-28)/(-2)*m*1/6. Determine l(q).
-12
Let d(w) be the third derivative of w**7/2520 - w**6/720 - w**5/120 - w**4/12 - 20*w**2. Let x(c) be the second derivative of d(c). Give x(0).
-1
Let i(l) be the first derivative of -l + 7/2*l**2 + 1/3*l**3 - 8. Give i(-8).
7
Let q(n) = -8*n**3 - 1. Suppose -2*f - 21 = 5*k - f, 18 = -4*k - 2*f. Let u be k*(-5)/(-50) + 14/10. Calculate q(u).
-9
Suppose 4*f = -5*r - 0*r + 56, -5*r + f + 36 = 0. Suppose r*j - 6 = 9*j. Let q(w) be the second derivative of -w**3/3 - w**2 - w. What is q(j)?
10
Let q(m) be the second derivative of m**2 - 1/6*m**3 + 11*m + 0. Suppose -1 = -0*w - w, 10 = -4*z + 2*w. What is q(z)?
4
Let c(m) = 155*m - 89*m - 4 - 77*m + 5. Calculate c(-1).
12
Let x(b) = 768 - 2*b - 764 - b. Let k be x(1). Let w(o) = -5*o. What is w(k)?
-5
Let k(t) = t**2 + 14*t - 7. Let b be k(-15). Let h(f) = f**3 - 7*f**2 - 9*f - 7. Give h(b).
-15
Let y = -7 - -10. Let n(u) = y*u + 1 + 0 - 3*u**3 + 2*u**3 - 4*u. Let d be n(0). Let b(v) = 3*v**2 + v. Calculate b(d).
4
Let d(h) be the first derivative of h**4/4 + 4*h**3/3 + h**2 - 2*h + 3. Suppose 4*m - 3*m + 3 = 0. What is d(m)?
1
Let w(b) be the third derivative of b**4/24 - b**3/2 - 69*b**2. Calculate w(-14).
-17
Suppose 28*x - 6*x - 44 = 0. Let t(s) = -3*s**2 + 3*s + 2. Give t(x).
-4
Let y(x) be the second derivative of 0*x**2 - 6*x + x**3 + 0 + 1/8*x**4 + 1/60*x**5. Let v(r) be the second derivative of y(r). Determine v(-3).
-3
Let c(d) be the first derivative of d**4/4 - 5*d**3/3 - 2*d**2 - 2*d + 103. Determine c(5).
-22
Let a(y) be the third derivative of y**8/6720 - y**7/360 + y**6/80 - 7*y**5/120 + y**4/6 + 12*y**2. Let l(w) be the second derivative of a(w). Determine l(6).
11
Let p(a) = -91*a**2 + 11*a - 11. Let b(w) = 60*w**2 - 8*w + 8. Let h(c) = -7*b(c) - 5*p(c). Calculate h(1).
35
Let i(d) be the third derivative of 0*d**3 - 12*d**2 + 3/40*d**6 - 1/60*d**5 + 1/24*d**4 + 0 + 0*d. What is i(1)?
9
Let s(f) = f + 6. Let w(n) = -2*n - 13. Suppose 3*i = 2*c + 17, -i + 1 + 0 = 4*c. Let a(d) = i*s(d) + 2*w(d). Give a(-3).
1
Let o(j) = 4*j**3 + 9*j**2 - 7*j + 8. Let g(l) = -l**3 + l - 1. Let k(w) = -5*g(w) - o(w). Determine k(9).
15
Let f(l) = -8*l**2 + l**3 + 28 + 9*l - 30 + 0*l**3. What is f(7)?
12
Let q(g) = 22*g - 13*g - 11*g + 5. Suppose 0*l + 3*o - 2 = -l, 0 = -3*l + 2*o + 17. What is q(l)?
-5
Let v(g) = g - 10. Suppose l + 7 + 4 = 0. Let f(t) = -6 + 0 + 6 - 2. Let j(a) = l*f(a) + 2*v(a). Give j(3).
8
Let v(y) = 6*y - 16. Let h be v(4). Let o(c) = -6 - h*c**2 - c**3 + 8*c**2 + 2 - c. Determine o(0).
-4
Let h = -15 - -15. Let n(r) = 4*r - 1 + h - 4*r - 6*r. Calculate n(1).
-7
Let n(i) = -8*i + 75. Let y(g) = 4*g - 43. Let a(q) = -3*n(q) - 5*y(q). Calculate a(-9).
-46
Let w = 7 - 6. Suppose -4*n - 3 = -5*f + 1, -n - 2*f - w = 0. Let p(a) be the second derivative of -a**3/2 - a**2/2 - 19*a. Calculate p(n).
2
Let q(m) = 2*m**3 + 0*m**3 - 8*m**2 + 5*m**3 - 1 - m - 8*m**3. Calculate q(-8).
7
Let f(l) be the first derivative of -l**2 + 16*l - 33. Give f(10).
-4
Let k(z) be the third derivative of z**4/24 - 4*z**3/3 - 345*z**2. Calculate k(4).
-4
Let o(i) = 2*i + 30. Let u be o(-12). Let m(g) = -g**2 + 8*g - 6. What is m(u)?
6
Let c(y) = y**2 - 3*y - 3. Let q = -14 + 25. Let x = -171 + 164. Let w = q + x. What is c(w)?
1
Let i(z) = z**3 + 13*z**2 + 10*z + 18. Let o be i(-12). Let c = -38 + o. Let r(w) = w**3 - 5*w**2 + 3*w + 3. Calculate r(c).
-1
Let n(l) be the third derivative of -l**6/120 + l**5/20 + 5*l**4/24 - l**3/2 + 4*l**2 - 1. Let s = 8 - 4. Let f be n(s). Let g(o) = -8*o**2 + 1. Calculate g(f).
-7
Let h = -1 - 4. Let v(x) be the first derivative of -x**5/60 - x**4/4 + 2*x**3/3 - x**2/2 - 4. Let o(c) be the second derivative of v(c). Calculate o(h).
9
Let z(v) = 13*v**3 - 3*v**2 - 8*v + 9. Let o(g) = 24*g**3 - 7*g**2 - 16*g + 17. Let u(c) = -6*o(c) + 11*z(c). Give u(10).
-23
Let d(t) = 1. Let a(q) = -q**3 + 7*q**2 - 4*q - 6. Suppose 7*c - 6*c = -2. Let i(b) = c*d(b) - a(b). What is i(6)?
-8
Suppose 0 = -3*m + 38 - 17. Let b(h) = h**2 - 11*h + 9. Calculate b(m).
-19
Let k(x) = x**3 + 4*x**2 - 6*x + 4. Suppose o + 126 = -6*o. Let z = o + 13. Determine k(z).
9
Let z(n) = -n - 2. Suppose 2*c + 20 = -8. Let a be (-7)/c + (-33)/(-6). Give z(a).
-8
Let w(u) = -2*u - 10. Let p(a) = -5*a - 8. Let q(j) = 27*j + 41. Let g(o) = 11*p(o) + 2*q(o). Let v(s) = 5*g(s) - 3*w(s). Calculate v(2).
2
Let x(f) be the third derivative of -f**6/120 + f**5/15 + f**4/24 + 2*f**2 + 4. Calculate x(4).
4
Let s(y) = -4*y**3 - 2*y**2 - 8*y - 5. Let l(u) = -u**3 - u - 1. Let n = 2 - -3. Let b(o) = n*l(o) - s(o). Let m(k) = k - 7. Let r be m(5). Give b(r).
10
Let l(f) = 2*f - 1. Let y = 12 + -30. Let k = -9 - y. Let h be 16/k - (-4)/18. Give l(h).
3
Let k(c) = -1 + c**3 + 0 - 3*c**2 + 4. Suppose 3*h + 6 = -o, h - 10 + 4 = -3*o. What is k(o)?
3
Let a(m) be the second derivative of m**5/2 + m**4/6 - m**2/2 - 89*m. Calculate a(1).
11
Suppose -2*g = -16*c + 17*c + 15, -5*g - 51 = 4*c. Let o(r) = 2*r + 12. Give o(c).
-6
Let a(o) = o**2 + o + 1. Suppose 0 = -4*p - 2*s, s = -2*s. Suppose p*f + 12 = -3*f. Calculate a(f).
13
Let u(s) = -s**3 - 16*s**2 + 9*s + 5. Let b(g) = g**3 + 14*g**2 - 8*g - 4. Let j(f) = -7*b(f) - 6*u(f). What is j(-4)?
22
Let u(o) = 0*o + o - 2 - o - o. Let h = 18 + -17. Suppose -2*n = 0, i = -n + h - 5. Calculate u(i).
2
Let f(n) = n**2 - 3*n - 3. Suppose 116 = 4*j + 4*z, 4*j + 51 = -5*z + 167. Let h = -21 + j. Suppose 0 = -0*s + 2*s - h. What is f(s)?
1
Let k(g) = -g - 5. Let s(z) = z + 5. Let j(o) = -4*k(o) - 3*s(o). Suppose 5*u = 3*x + 12, -2*x - 3*u = x + 12. Determine j(x).
1
Let d(s) = 4*s - 1. Let t(p) = p**2 - 22*p - 10. Let x(f) = 6*d(f) + 2*t(f). Calculate x(11).
-4
Let g(w) be the third derivative of w**5/30 - 4*w**3/3 - 16*w**2. Let n(p) = 2*p*